igit of 8367731?
6
What is the tens digit of 11380510?
1
What is the hundred thousands digit of 106098?
1
What is the ten thousands digit of 345706?
4
What is the millions digit of 8164587?
8
What is the hundreds digit of 4724885?
8
What is the tens digit of 205905?
0
What is the hundred thousands digit of 248116?
2
What is the thousands digit of 363844?
3
What is the hundreds digit of 24245?
2
What is the units digit of 549428?
8
What is the hundreds digit of 198448?
4
What is the thousands digit of 245737?
5
What is the hundred thousands digit of 9233671?
2
What is the units digit of 184804?
4
What is the thousands digit of 22388889?
8
What is the ten thousands digit of 10382302?
8
What is the units digit of 578870?
0
What is the thousands digit of 9985831?
5
What is the tens digit of 16088?
8
What is the tens digit of 957408?
0
What is the ten thousands digit of 65011?
6
What is the ten thousands digit of 2904290?
0
What is the ten thousands digit of 11273459?
7
What is the hundred thousands digit of 282313?
2
What is the tens digit of 6422646?
4
What is the thousands digit of 3333834?
3
What is the thousands digit of 601112?
1
What is the hundreds digit of 4229040?
0
What is the millions digit of 3997655?
3
What is the ten thousands digit of 26517839?
1
What is the thousands digit of 3316957?
6
What is the hundred thousands digit of 105333?
1
What is the millions digit of 2339340?
2
What is the hundred thousands digit of 1516094?
5
What is the hundreds digit of 5260052?
0
What is the ten thousands digit of 15757363?
5
What is the ten thousands digit of 1308248?
0
What is the hundreds digit of 180630?
6
What is the thousands digit of 358667?
8
What is the units digit of 345471?
1
What is the hundred thousands digit of 946697?
9
What is the millions digit of 5268733?
5
What is the units digit of 217931?
1
What is the ten thousands digit of 575343?
7
What is the ten thousands digit of 4375753?
7
What is the tens digit of 4811219?
1
What is the thousands digit of 2286402?
6
What is the ten thousands digit of 45892?
4
What is the ten millions digit of 27886265?
2
What is the units digit of 5801959?
9
What is the units digit of 296399?
9
What is the ten thousands digit of 747560?
4
What is the tens digit of 7531650?
5
What is the hundreds digit of 6932257?
2
What is the thousands digit of 3438546?
8
What is the tens digit of 579544?
4
What is the hundreds digit of 4566278?
2
What is the tens digit of 4789799?
9
What is the hundreds digit of 4693563?
5
What is the units digit of 731552?
2
What is the hundreds digit of 3485614?
6
What is the hundreds digit of 3503704?
7
What is the hundred thousands digit of 328291?
3
What is the thousands digit of 5346591?
6
What is the millions digit of 14074346?
4
What is the tens digit of 213815?
1
What is the hundreds digit of 18316?
3
What is the tens digit of 1213227?
2
What is the thousands digit of 32940?
2
What is the hundred thousands digit of 3125814?
1
What is the units digit of 1705264?
4
What is the units digit of 8797911?
1
What is the thousands digit of 398499?
8
What is the thousands digit of 5582537?
2
What is the ten thousands digit of 2397011?
9
What is the ten thousands digit of 1482045?
8
What is the hundred thousands digit of 2913631?
9
What is the hundred thousands digit of 2105510?
1
What is the thousands digit of 20241805?
1
What is the units digit of 85687?
7
What is the units digit of 7726692?
2
What is the tens digit of 161405?
0
What is the thousands digit of 816498?
6
What is the hundreds digit of 7952140?
1
What is the hundreds digit of 1385800?
8
What is the thousands digit of 25172010?
2
What is the thousands digit of 65965?
5
What is the hundred thousands digit of 147126?
1
What is the ten thousands digit of 1449565?
4
What is the tens digit of 29008925?
2
What is the hundreds digit of 3276554?
5
What is the ten thousands digit of 5708928?
0
What is the millions digit of 8573526?
8
What is the hundreds digit of 1524330?
3
What is the millions digit of 2454511?
2
What is the hundreds digit of 33755?
7
What is the units digit of 8983865?
5
What is the ten millions digit of 17183017?
1
What is the tens digit of 983955?
5
What is the tens digit of 4303787?
8
What is the tens digit of 603708?
0
What is the ten thousands digit of 13994231?
9
What is the ten thousands digit of 1786948?
8
What is the millions digit of 1941734?
1
What is the thousands digit of 38390?
8
What is the thousands digit of 835735?
5
What is the millions digit of 1088640?
1
What is the tens digit of 1013843?
4
What is the hundred thousands digit of 14225861?
2
What is the thousands digit of 565547?
5
What is the ten thousands digit of 10799491?
9
What is the thousands digit of 218079?
8
What is the tens digit of 1164398?
9
What is the thousands digit of 7601324?
1
What is the millions digit of 9651182?
9
What is the hundreds digit of 349510?
5
What is the ten thousands digit of 4460194?
6
What is the hundreds digit of 380826?
8
What is the thousands digit of 562527?
2
What is the hundred thousands digit of 328165?
3
What is the hundreds digit of 913081?
0
What is the tens digit of 10431902?
0
What is the thousands digit of 300240?
0
What is the ten thousands digit of 2564022?
6
What is the tens digit of 10589063?
6
What is the units digit of 4575724?
4
What is the thousands digit of 356252?
6
What is the thousands digit of 8405110?
5
What is the ten thousands digit of 8311481?
1
What is the ten thousands digit of 885057?
8
What is the thousands digit of 1557100?
7
What is the units digit of 6818397?
7
What is the units digit of 242603?
3
What is the thousands digit of 8813756?
3
What is the hundreds digit of 6670618?
6
What is the ten thousands digit of 13065248?
6
What is the tens digit of 1806487?
8
What is the tens digit of 287905?
0
What is the hundreds digit of 352393?
3
What is the units digit of 113576?
6
What is the ten thousands digit of 301607?
0
What is the millions digit of 2193763?
2
What is the ten thousands digit of 744889?
4
What is the units digit of 2084561?
1
What is the tens digit of 557732?
3
What is the thousands digit of 5402?
5
What is the hundred thousands digit of 1989922?
9
What is the ten thousands digit of 15629965?
2
What is the ten thousands digit of 1339729?
3
What is the ten thousands digit of 404384?
0
What is the tens digit of 1352320?
2
What is the millions digit of 1046000?
1
What is the ten thousands digit of 388064?
8
What is the hundred thousands digit of 880209?
8
What is the thousands digit of 560454?
0
What is the ten thousands digit of 295294?
9
What is the units digit of 137706?
6
What is the units digit of 1805971?
1
What is the ten thousands digit of 81526?
8
What is the tens digit of 9916233?
3
What is the hundred thousands digit of 43246643?
2
What is the millions digit of 1744037?
1
What is the hundreds digit of 271081?
0
What is the thousands digit of 2236901?
6
What is the tens digit of 964340?
4
What is the tens digit of 243012?
1
What is the thousands digit of 1378571?
8
What is the millions digit of 1556124?
1
What is the thousands digit of 5087408?
7
What is the tens digit of 2868459?
5
What is the hundred thousands digit of 999369?
9
What is the units digit of 750573?
3
What is the units digit of 1042585?
5
What is the hundreds digit of 4450?
4
What is the units digit of 25408510?
0
What is the units digit of 119108?
8
What is the hundreds digit of 235931?
9
What is the units digit of 1395610?
0
What is the hundreds digit of 10028597?
5
What is the tens digit of 24634?
3
What is the millions digit of 1230830?
1
What is the thousands digit of 1320094?
0
What is the units digit of 2030670?
0
What is the ten thousands digit of 2288833?
8
What is the hundred thousands digit of 15675563?
6
What is the hundred thousands digit of 5354578?
3
What is the thousands digit of 62972?
2
What is the thousands digit of 322351?
2
What is the millions digit of 10376280?
0
What is the ten thousands digit of 77193?
7
What is the ten thousands digit of 6817656?
1
What is the tens digit of 6166350?
5
What is the tens digit of 1659545?
4
What is the thousands digit of 2079528?
9
What is the hundred thousands digit of 1533864?
5
What is the ten thousands digit of 872413?
7
W